
Let j(b) = b**3 + 8*b**2 - 3*b - 22. What is j(-8)?
2
Let t(n) = 5*n - 488. Determine t(56).
-208
Let y(k) = k**3 - 23*k**2 - 51*k + 66. Determine y(25).
41
Let w(h) = 2*h**3 + 176*h**2 + 39*h + 3424. Determine w(-88).
-8
Let t(x) = -x**3 + 14*x**2 - 3*x - 21. Determine t(14).
-63
Let y(i) = 46*i + 3636. What is y(-71)?
370
Let n(u) = u**3 + 24*u**2 + 127*u - 59. What is n(-16)?
-43
Let o(n) = -124*n + 1017. What is o(8)?
25
Let y(m) = m**2 - 68*m + 1149. What is y(30)?
9
Let s(q) = 486*q - 14114. What is s(29)?
-20
Let x(b) = b**3 - 22*b**2 + 53*b + 31. Determine x(19).
-45
Let z(p) = -p**3 + 4*p**2 - 14*p + 12. Determine z(1).
1
Let j(i) = -46*i + 1548. Calculate j(34).
-16
Let x(k) = -4*k**3 + 15*k**2 - 3*k - 10. Give x(3).
8
Let a(j) = -138*j + 1577. Determine a(11).
59
Let f(u) = 2*u**2 + 202*u + 1156. Determine f(-6).
16
Let n(a) = a**2 + 15*a - 10. Determine n(-13).
-36
Let v(u) = 108*u - 4106. Determine v(38).
-2
Let b(h) = -13*h**2 + 318*h - 134. What is b(24)?
10
Let i(z) = 104*z**2 - 45*z + 138. Calculate i(3).
939
Let d(h) = 3*h**3 + 17*h**2 + 59*h + 42. What is d(-4)?
-114
Let l(a) = -7985*a - 7981. Give l(-1).
4
Let h(a) = 4*a - 70. What is h(0)?
-70
Let p(r) = 4*r + 12. What is p(-19)?
-64
Let n(k) = 27*k - 292. What is n(14)?
86
Let q(i) = -9*i - 92. Determine q(-15).
43
Let l(v) = -2*v**2 + 127*v - 31. Calculate l(61).
274
Let z(a) = -a**2 - 36*a + 144. Determine z(-40).
-16
Let b(f) = 222*f + 862. Determine b(-4).
-26
Let s(d) = -325*d + 15272. What is s(47)?
-3
Let p(c) = c**2 + 3*c - 557. What is p(22)?
-7
Let r(x) = -2*x**2 - 744*x + 4491. Determine r(6).
-45
Let m(s) = -s**3 + 6*s**2 + 4*s + 83. Determine m(8).
-13
Let m(g) = -3*g**2 + 159*g - 1673. Determine m(15).
37
Let z(k) = 14*k - 612. What is z(27)?
-234
Let r(i) = i**2 - 304*i + 9804. Determine r(37).
-75
Let y(c) = -451*c + 5344. Determine y(12).
-68
Let x(k) = 555*k - 1092. Calculate x(2).
18
Let v(l) = -l**2 - 93*l - 1709. What is v(-65)?
111
Let b(j) = 4977*j + 29855. Determine b(-6).
-7
Let u(t) = 3*t**3 - 27*t**2 - 79*t + 144. Determine u(11).
1
Let z(t) = t**3 - 12*t**2 - 106*t + 1274. Give z(11).
-13
Let w(k) = 2*k**3 + 39*k**2 + 56*k + 45. Determine w(-18).
9
Let n(q) = -107*q - 5451. What is n(-51)?
6
Let c(b) = -72*b - 222. Give c(-3).
-6
Let p(b) = -41*b**3 + b**2 - b. What is p(1)?
-41
Let l(u) = u**3 - 7*u**2 - 127*u - 64. What is l(-8)?
-8
Let n(l) = -29*l + 1139. What is n(40)?
-21
Let t(p) = -2323*p - 60411. Calculate t(-26).
-13
Let b(w) = w**2 - 276*w + 57. Calculate b(0).
57
Let k(j) = -8*j**2 - 34*j - 151. Determine k(-4).
-143
Let w(v) = -v**3 + 2*v**2 - 390*v + 1592. Determine w(4).
0
Let z(u) = 10*u - 198. What is z(36)?
162
Let a(k) = -k**3 + 5*k**2 + 22*k - 35. Determine a(7).
21
Let h(v) = 2*v**2 - 169*v + 2910. Give h(60).
-30
Let s(y) = -3*y + 82. What is s(22)?
16
Let o(p) = 2*p**2 + 4278*p - 30049. Give o(7).
-5
Let s(d) = 4422*d - 17717. Calculate s(4).
-29
Let q(m) = -m**3 - 13*m**2 + 81*m + 35. Determine q(-17).
-186
Let j(z) = -2*z**3 + 16*z**2 - 2*z + 15. Determine j(8).
-1
Let a(y) = -12*y**2 - 114*y - 29. Determine a(-10).
-89
Let z(g) = -2*g**3 - 14*g**2 - 19*g + 7. Determine z(-5).
2
Let j(k) = k**3 - 29*k**2 - 99*k + 1118. Give j(31).
-29
Let s(b) = -70*b - 403. Determine s(-6).
17
Let c(o) = 101*o**3 + 2*o**2 + 6*o + 4. Calculate c(-1).
-101
Let x(y) = -32*y - 1925. What is x(-61)?
27
Let t(f) = 29*f - 1141. Give t(39).
-10
Let w(z) = -9*z**3 - 24*z**2 - 11*z - 16. Give w(-2).
-18
Let v(x) = -x**3 - x**2 + 12*x + 43. What is v(-3)?
25
Let s(m) = 2*m**3 - 79*m**2 + 36*m - 34. Give s(39).
-151
Let g(q) = -q**3 - 27*q**2 - 7*q + 55. What is g(-27)?
244
Let s(m) = 7*m + 448. What is s(-29)?
245
Let c(b) = -40*b**3 + 2*b**2 - 7*b - 25. Calculate c(-2).
317
Let d(t) = 11*t**2 + 355*t + 404. Determine d(-31).
-30
Let p(u) = -3*u**3 + 47*u**2 + 44. Determine p(16).
-212
Let d(x) = 9985*x - 9973. Determine d(1).
12
Let g(l) = l**2 - 6*l - 110. Calculate g(-10).
50
Let b(r) = 6*r**3 - 72*r**2 + 59*r + 25. Determine b(11).
-52
Let k(n) = -1193*n - 9682. Determine k(-8).
-138
Let q(v) = -v**2 + 110*v - 1027. Give q(11).
62
Let c(j) = -18*j**2 + 359*j - 75. Calculate c(19).
248
Let o(m) = m**3 - 30*m**2 + 33*m - 65. Give o(29).
51
Let q(w) = 634*w + 6968. Give q(-11).
-6
Let u(v) = -v**2 - 64*v - 181. Give u(-62).
-57
Let o(a) = -74*a + 10039. What is o(136)?
-25
Let t(g) = -2*g**3 - 29*g**2 + 51*g + 5. Calculate t(-16).
-43
Let g(l) = l**2 + 84*l + 1138. Determine g(-67).
-1
Let z(c) = -c**2 - 10*c + 28. What is z(-11)?
17
Let j(t) = -54*t**3 + 3*t**2 - t - 5. What is j(-1)?
53
Let m(k) = -90*k - 1343. Give m(-15).
7
Let i(b) = -11*b - 356. Determine i(-32).
-4
Let f(b) = 7*b**2 - 324*b - 554. What is f(48)?
22
Let f(b) = 65*b + 2065. Calculate f(-32).
-15
Let r(t) = 4*t**3 - 3*t**2 + 14*t - 3. What is r(4)?
261
Let s(b) = b**3 + 19*b**2 - 8*b - 11. Determine s(0).
-11
Let v(a) = 9*a - 187. Calculate v(-9).
-268
Let b(j) = -5*j**2 + 16*j + 124. Calculate b(-11).
-657
Let c(f) = 124*f + 1838. Calculate c(-15).
-22
Let x(v) = -5*v**2 + 119*v - 37. What is x(24)?
-61
Let u(f) = f**3 + 7*f**2 - 10*f - 79. What is u(-5)?
21
Let j(f) = -2*f**2 - 71*f - 28. What is j(-34)?
74
Let i(y) = -7971*y - 47822. Calculate i(-6).
4
Let c(d) = -d**2 + 59*d - 210. Give c(56).
-42
Let t(x) = 2*x**2 - 66*x - 748. Give t(42).
8
Let a(p) = 866*p**2 + 6*p - 3. What is a(-1)?
857
Let q(u) = u**2 + 40*u + 104. Calculate q(-37).
-7
Let y(v) = 3*v - 23. Determine y(-24).
-95
Let t(p) = 619*p**2 - 2472*p + 4. Calculate t(4).
20
Let t(b) = 174*b - 21736. Determine t(125).
14
Let p(f) = -f**3 - 9*f**2 + 4*f + 13. What is p(-10)?
73
Let j(y) = -31*y**2 + 65*y - 4. What is j(2)?
2
Let u(y) = -129*y**2 - 57407*y - 887. What is u(-445)?
3
Let n(t) = 56*t + 3. Calculate n(2).
115
Let h(t) = 22*t + 5. What is h(-14)?
-303
Let u(b) = -234*b - 7488. Calculate u(-32).
0
Let v(z) = -8*z - 934. Calculate v(-85).
-254
Let p(u) = u**3 - 127*u**2 - 262*u + 525. Calculate p(129).
9
Let d(s) = s**3 + 4*s**2 + s - 16. What is d(-4)?
-20
Let d(x) = -18*x - 566. Calculate d(-28).
-62
Let g(q) = -q**2 + 2*q + 716. What is g(-26)?
-12
Let w(h) = 275*h - 21147. Calculate w(77).
28
Let k(v) = 82*v**2 - 15*v - 36. What is k(1)?
31
Let a(v) = -26*v + 3569. Give a(137).
7
Let h(x) = 4*x**3 - 8*x**2 - 53*x - 46. What is h(5)?
-11
Let g(w) = 35*w + 3012. What is g(-86)?
2
Let t(z) = 2*z**2 - 233*z + 807. Calculate t(113).
16
Let o(n) = n**3 + 72*n**2 - 473*n + 25. Give o(6).
-5
Let k(l) = -2*l**2 - 12*l + 31. What is k(-7)?
17
Let q(h) = -37*h - 382. What is q(-11)?
25
Let p(m) = -351*m + 15437. Give p(44).
-7
Let n(m) = -m**3 - 14*m**2 - 27*m - 24. Calculate n(-12).
12
Let x(t) = -96*t + 10650. Give x(111).
-6
Let o(k) = k**3 + 41*k**2 + 416*k - 15. Calculate o(-18).
-51
Let i(w) = -w**3 + 34*w**2 - 291*w + 76. Determine i(18).
22
Let v(n) = -111*n + 1231. What is v(11)?
10
Let d(a) = 12*a**2 - 216*a + 12. What is d(18)?
12
Let z(y) = -y**3 + 8*y**2 + 23*y - 24. Calculate z(9).
102
Let d(t) = -t**3 + 21*t**2 - 933*t + 19597. Determine d(21).
4
Let m(g) = -g**3 - 19*g**2 - 30*g - 117. Determine m(-17).
-185
Let m(b) = 2*b - 2. What is m(-10)?
-22
Let j(f) = -2*f**3 - 23*f**2 + 11*f - 3. What is j(-12)?
9
Let h(v) = -95*v**2 - 4*v + 3. Give h(1).
-96
Let d(p) = -p**3 - 9*p**2 + 3*p + 95. Calculate d(0).
95
Let w(c) = 76*c**2 - 68*c + 239. Give w(4).
1183
Let v(i) = 23*i**2 + 102*i - 14. Determine v(-7).
399
Let n(d) = 13*d - 732. Give n(51).
-69
Let p(a) = 9*a - 476. Determine p(60).
64
Let l(i) = i**2 - 25*i - 882. What is l(-21)?
84
Let q(f) = f**3 + 5*f**2 - 22*f + 83. Determine q(-10).
-197
Let c(z) = 40*z - 769. Determine c(20).
31
Let g(z) = -z**3 + 13*z**2 - 37*z - 53. Determine g(9).
-62
Let i(x) = 153*x + 914. Give i(-6).
-4
Let o(x) = -2*x**2 - 65*x - 110. Determine o(-29).
93
Let t(w) = -4*w**2 + 7*w + 259. What is t(9)?
-2
Let q(o) = -o**2 - 20*o - 46. What is q(-2)?
-10
Let c(v) = 257*v**2 - 487*v + 4. What is c(2)?
58
Let t(i) = -173*i**2 + 20*i + 1. Give t(-1).
-192
Let f(b) = 127*b**3 + 7*b**2 - 7*b + 1. What is f(1)?
128
Let x(u) = -77*u - 7716. What is x(-100)?
-16
Let u(b) = -141*b - 441. Calculate u(-3).
-18
Let p(h) = 4*h**2 + 164*h + 49. Determine p(-41).
49
Let l(y